ivided by 1558.
1557
Calculate the remainder when 10245752 is divided by 83.
66
What is the remainder when 27024444 is divided by 717?
714
What is the remainder when 62706859 is divided by 2486?
2481
Calculate the remainder when 27494 is divided by 3858.
488
What is the remainder when 260417 is divided by 5106?
11
What is the remainder when 16230299 is divided by 174519?
32
Calculate the remainder when 3893982 is divided by 61809.
15
What is the remainder when 918959 is divided by 117?
41
What is the remainder when 80711 is divided by 80666?
45
Calculate the remainder when 3691334 is divided by 129.
128
What is the remainder when 881902 is divided by 8482?
8256
Calculate the remainder when 1666613 is divided by 1511.
1491
Calculate the remainder when 90705 is divided by 2778.
1809
Calculate the remainder when 240671 is divided by 60101.
267
What is the remainder when 1195 is divided by 177?
133
What is the remainder when 6198805 is divided by 163126?
17
What is the remainder when 3201312 is divided by 551?
2
Calculate the remainder when 5302181 is divided by 230529.
14
Calculate the remainder when 491845 is divided by 245669.
507
What is the remainder when 529061 is divided by 328?
325
What is the remainder when 10760483 is divided by 336257?
259
Calculate the remainder when 817292 is divided by 272427.
11
Calculate the remainder when 298599 is divided by 247.
223
Calculate the remainder when 854185 is divided by 94895.
130
Calculate the remainder when 650642 is divided by 216875.
17
What is the remainder when 756009 is divided by 151198?
19
Calculate the remainder when 352841 is divided by 936.
905
What is the remainder when 247425 is divided by 209?
178
Calculate the remainder when 288367 is divided by 1762.
1161
Calculate the remainder when 772689 is divided by 772676.
13
Calculate the remainder when 840915 is divided by 8506.
7327
Calculate the remainder when 16128 is divided by 6838.
2452
Calculate the remainder when 280890 is divided by 2063.
322
Calculate the remainder when 2983167 is divided by 172.
171
Calculate the remainder when 16149283 is divided by 1333.
1321
Calculate the remainder when 57421 is divided by 14347.
33
Calculate the remainder when 486918 is divided by 112.
54
Calculate the remainder when 37379644 is divided by 479226.
16
What is the remainder when 108056 is divided by 11951?
497
What is the remainder when 391289 is divided by 130416?
41
Calculate the remainder when 6813604 is divided by 46.
38
Calculate the remainder when 1150466 is divided by 54.
50
Calculate the remainder when 10845740 is divided by 264530.
10
Calculate the remainder when 7263058 is divided by 629.
624
Calculate the remainder when 975230 is divided by 4222.
4170
Calculate the remainder when 1434292 is divided by 478080.
52
What is the remainder when 2174690 is divided by 254?
196
What is the remainder when 22053826 is divided by 98?
4
Calculate the remainder when 17414053 is divided by 192.
37
What is the remainder when 34577859 is divided by 3123?
3
What is the remainder when 342093 is divided by 882?
759
Calculate the remainder when 3777166 is divided by 19.
4
Calculate the remainder when 243943 is divided by 4218.
3517
What is the remainder when 85289285 is divided by 56?
53
What is the remainder when 2959948 is divided by 8?
4
What is the remainder when 792140 is divided by 34439?
43
What is the remainder when 13316 is divided by 606?
590
What is the remainder when 2913318 is divided by 11205?
18
What is the remainder when 11011 is divided by 407?
22
What is the remainder when 1153081 is divided by 786?
19
Calculate the remainder when 53576 is divided by 124.
8
What is the remainder when 9467684 is divided by 613?
512
What is the remainder when 218293893 is divided by 7041738?
15
What is the remainder when 74715226 is divided by 252?
250
What is the remainder when 103281 is divided by 8759?
6932
What is the remainder when 3964622 is divided by 1548?
194
Calculate the remainder when 324973 is divided by 52.
25
What is the remainder when 374484109 is divided by 1253?
1252
Calculate the remainder when 94433488 is divided by 305.
303
Calculate the remainder when 4852029 is divided by 767.
754
Calculate the remainder when 86629 is divided by 6690.
6349
What is the remainder when 963180449 is divided by 50?
49
Calculate the remainder when 7074334 is divided by 786037.
1
What is the remainder when 15235 is divided by 9570?
5665
Calculate the remainder when 4590972 is divided by 13.
9
Calculate the remainder when 1239559 is divided by 2009.
6
What is the remainder when 312883 is divided by 302?
11
What is the remainder when 212481 is divided by 26383?
1417
Calculate the remainder when 9476645 is divided by 117.
113
What is the remainder when 37024 is divided by 155?
134
Calculate the remainder when 22164519 is divided by 115.
109
Calculate the remainder when 29861956 is divided by 140.
96
Calculate the remainder when 261631 is divided by 10254.
5281
What is the remainder when 73869 is divided by 12093?
1311
What is the remainder when 105764212 is divided by 11783?
4
What is the remainder when 3015935 is divided by 64?
63
What is the remainder when 4227 is divided by 977?
319
What is the remainder when 60660 is divided by 3079?
2159
What is the remainder when 11461110 is divided by 127?
122
What is the remainder when 316517 is divided by 316046?
471
What is the remainder when 141856814 is divided by 2?
0
Calculate the remainder when 190291888 is divided by 95145923.
42
What is the remainder when 1239634 is divided by 2910?
2884
Calculate the remainder when 59984813 is divided by 521.
520
Calculate the remainder when 2465357 is divided by 80.
77
What is the remainder when 7309423 is divided by 36?
19
What is the remainder when 664935 is divided by 51148?
11
What is the remainder when 50992 is divided by 5426?
2158
What is the remainder when 10304 is divided by 9898?
406
What is the remainder when 5553952 is divided by 97435?
157
What is the remainder when 780434 is divided by 17736?
50
Calculate the remainder when 35701910 is divided by 152.
150
Calculate the remainder when 85979 is divided by 17183.
64
What is the remainder when 91748 is divided by 18296?
268
What is the remainder when 8885642 is divided by 129?
122
What is the remainder when 22928912 is divided by 332?
328
What is the remainder when 5137835 is divided by 1811?
28
What is the remainder when 462786 is divided by 151?
122
What is the remainder when 157188 is divided by 585?
408
Calculate the remainder when 263899 is divided by 20290.
129
Calculate the remainder when 242474 is divided by 1627.
51
Calculate the remainder when 92292778 is divided by 365.
338
Calculate the remainder when 82812 is divided by 853.
71
What is the remainder when 66398 is divided by 6034?
24
Calculate the remainder when 172240 is divided by 381.
28
What is the remainder when 1387856 is divided by 2?
0
What is the remainder when 12951 is divided by 1841?
64
What is the remainder when 1382948 is divided by 98736?
644
Calculate the remainder when 155998668 is divided by 77999334.
0
Calculate the remainder when 174060 is divided by 1204.
684
What is the remainder when 774482 is divided by 18439?
44
What is the remainder when 156523 is divided by 77993?
537
What is the remainder when 182847 is divided by 60765?
552
What is the remainder when 108149 is divided by 318?
29
Calculate the remainder when 382099122 is divided by 375.
372
Calculate the remainder when 385806 is divided by 27556.
22
What is the remainder when 853685 is divided by 1500?
185
Calculate the remainder when 19822823 is divided by 42.
41
Calculate the remainder when 465385 is divided by 155087.
124
What is the remainder when 1276929 is divided by 857?
856
What is the remainder when 1247208 is divided by 1246480?
728
What is the remainder when 34264 is divided by 4051?
1856
Calculate the remainder when 326261 is divided by 13050.
11
Calculate the remainder when 80817 is divided by 1444.
1397
What is the remainder when 27992203 is divided by 44?
19
Calculate the remainder when 24864425 is divided by 16.
9
What is the remainder when 32689 is divided by 124?
77
What is the remainder when 2167919 is divided by 60?
59
What is the remainder when 10917 